isor of o and f?
12
Let g(m) = -m + 1. Let q be g(4). Let v be q/6 - (-267)/2. What is the highest common divisor of 19 and v?
19
Let b = 93 - 82. What is the highest common factor of 11 and b?
11
Let h = 524 + -348. Let n = -39 - -55. What is the greatest common divisor of n and h?
16
Suppose -5*c = 9 - 4. Let k be -2*(c/2)/1. Let l(f) = -2*f**3 - 2*f**2 - f + 1. Let u be l(-2). Calculate the greatest common divisor of u and k.
1
Suppose 3*s - 3*i = -6, 2*s = s - i + 2. Suppose -3*t = 2*k - 15, 0 = -s*t - 2*t - 10. What is the greatest common divisor of k and 165?
15
Let q = -3 - -6. Suppose -h + 75 = q*o + 2*o, 3*h + o = 155. Let z(d) = -d**2 - 11*d + 10. Let j be z(-11). What is the highest common factor of h and j?
10
Let l be 2/(-10) - 11/(-5). Suppose -2*q + 12 - l = 0. Suppose q + 4 = d. What is the greatest common divisor of 18 and d?
9
Suppose -3*k + 53 = f + k, 3*f + k - 104 = 0. What is the highest common divisor of 22 and f?
11
Let w(n) = n**2 - 8*n + 9. Let g be w(7). Suppose 0 = -0*d - g*d + 2. Suppose 3*m + 4 = 37. What is the greatest common divisor of d and m?
1
Suppose -2*j = s - 9, 3*j + 24 = 6*j + 5*s. Let m(h) = 4*h + 2. Let o be m(j). Calculate the greatest common factor of 21 and o.
7
Let t be (-1095)/(-105) - (-8)/14. What is the greatest common factor of t and 44?
11
Let q(n) = -23*n - 7. Let x be q(-2). Suppose -b - 4*v - 6 = 0, 15 = 2*b + 2*v - 3*v. Let o be 4/(-5)*(-195)/b. Calculate the highest common divisor of o and x.
13
Suppose -2*x - 10 = -0. Let z be (0 - 5)*24/x. Let k(u) = u**2 + 3*u - 4. Let v be k(5). What is the greatest common divisor of z and v?
12
Let p be 4*2/12*243. What is the highest common divisor of 18 and p?
18
Let r(f) = f**2 + 20*f + 11. Let k be r(-21). Calculate the greatest common divisor of 4 and k.
4
Let l be (10 - 16)*2/(-3). Let w = 15 - -25. What is the highest common divisor of l and w?
4
Suppose -12*m = -13*m + 44. What is the greatest common divisor of m and 110?
22
Suppose r = -2*d + 123, 2*r - 591 = -3*r - 2*d. What is the greatest common factor of 13 and r?
13
Let l = 5 + -3. Let s(p) = -p - p**l + 0*p - 3 + 7*p. Let v be s(4). What is the highest common divisor of 1 and v?
1
Suppose 0 = f + 5*n - 24 - 8, 0 = -f + 3*n. What is the greatest common divisor of 12 and f?
12
Suppose 13*r - 11*r = 6. Calculate the highest common factor of 6 and r.
3
Let q(z) = 9*z**2 + 9*z - 33. Let a(y) = -5*y**2 - 5*y + 17. Let i(o) = -11*a(o) - 6*q(o). Let k be i(0). What is the highest common divisor of 99 and k?
11
Let l = -66 + 106. Let y be (-13)/(-3) - 4/(-6). Calculate the highest common divisor of y and l.
5
Let h = 4 - 0. Suppose 0 = -0*l - h*l + 32. What is the highest common factor of l and 8?
8
Suppose -w - 6*s + 132 = -s, 328 = 3*w - 2*s. Suppose -8*k = -4*k + w. Let r be (60/(-14))/(2/k). Calculate the greatest common divisor of r and 20.
20
Let z = 0 + 12. What is the greatest common divisor of z and 30?
6
Let f = -4 - -4. Suppose 4*a - 184 - 36 = f. Calculate the greatest common divisor of a and 5.
5
Let d be ((-72)/42)/((-4)/42). What is the highest common factor of d and 72?
18
Suppose -t = 2*t + 5*j + 4, -2*t = 4*j + 4. Let y be ((-8)/2)/(t/(-4)). Let i = 276 + -196. What is the highest common divisor of i and y?
8
Let c = 2 + 1. Suppose -3*z + d + 233 = -0*d, -c*z = 4*d - 238. What is the greatest common divisor of 13 and z?
13
Let h be 1*-9*-3*1. Suppose -4*u + 57 = -15. Let k be u*(21/6 - 3). Calculate the highest common divisor of k and h.
9
Suppose 0 = 15*q - 21*q + 36. Calculate the highest common divisor of 9 and q.
3
Let a(i) = 43*i**2 + 6*i. Let q be a(3). Calculate the greatest common divisor of 45 and q.
45
Let q(l) = -l**3 - 6*l**2 - 5*l + 5. Let b be q(-5). Suppose 5*s = -4*a + 52, 5*s - b = 4*s + a. Let x = 9 + -8. What is the highest common factor of x and s?
1
Suppose q + 4 = -3*q. Let k be (q + 3)/(1/2). Let x = k - -2. Calculate the greatest common divisor of 6 and x.
6
Let c = 13 + -13. Suppose 1 = x - 0*x + m, c = -x - 3*m - 7. Calculate the greatest common divisor of 40 and x.
5
Suppose 0 - 10 = 5*p. Let o = 11 - p. What is the greatest common divisor of 26 and o?
13
Suppose -4*f - 26 = -3*o, -5*o + 49 = 2*f - 29. What is the greatest common factor of o and 7?
7
Suppose v + 212 = 2*c - v, 4*v = -5*c + 512. What is the highest common factor of c and 13?
13
Let s(f) = f**2 + 10*f + 19. Let l be s(-9). Calculate the highest common factor of l and 110.
10
Let v(c) = 5*c + 1. Let x be v(4). Let w(d) = -d + 10. Let q be w(8). Suppose q*s - 4 = 10. Calculate the highest common divisor of s and x.
7
Suppose -d + 4 = -4. Calculate the highest common factor of 20 and d.
4
Let s = 11 - 8. Suppose -s*d + 6*d = -3*x + 12, -x - 3*d = -4. Calculate the greatest common factor of x and 10.
2
Let w(s) = 2*s**2 - s. Let b be w(-1). What is the greatest common divisor of b and 27?
3
Let s = 38 - 23. Calculate the greatest common factor of 135 and s.
15
Let r(j) = j**2 - 7*j - 18. Let p be r(-11). Calculate the highest common factor of p and 36.
36
Let i(m) = m**2 + 7*m - 2. Let s be i(-8). What is the greatest common divisor of s and 4?
2
Let l be 3/((-110)/(-344) - (-1)/(-4)). Calculate the greatest common divisor of l and 387.
43
Let n be 5/1 - (2 - 1). Let i be (-1)/((-1)/n) - -3. Let v be (-112)/(-6)*(-6)/(-4). Calculate the greatest common factor of v and i.
7
Let c = 412 - 181. Calculate the highest common divisor of 21 and c.
21
Suppose -4*w - 16 = 0, -5*m + 27 = 3*w - 66. Suppose -m - 15 = -2*f. Calculate the highest common factor of f and 6.
6
Let y be -2*(-2)/4*1710/19. Calculate the highest common divisor of y and 30.
30
Suppose 0 = -5*f + 7*f - 216. Suppose -y = -2*y + 12. What is the greatest common divisor of f and y?
12
Suppose 2*y = -2*y. Suppose y = 3*h - 2*u - 11, 5*u + 5 = 2*h - 6. What is the greatest common divisor of 27 and h?
3
Let a be 3 - (90/(-3) - -3). Let c be (-2)/4 + (-1610)/4. Let o be (-10)/(-45) + c/(-9). What is the highest common factor of o and a?
15
Let w(h) = 11*h + 6. Let y(n) = 12*n + 7. Let v(l) = 5*w(l) - 4*y(l). Let t be v(2). What is the greatest common divisor of t and 16?
16
Let a(w) = -w**3 - 7*w - 7. Let m be a(-4). What is the highest common divisor of m and 34?
17
Let o = 1 - 1. Suppose -3*x = -2*g + 878, o*x + 903 = -3*x - 3*g. Let h = -170 - x. Calculate the highest common factor of h and 18.
18
Suppose -6 = -b + v, 9 = -0*v - 3*v. Let u be 8/b*6/4. Suppose 16 + 20 = 3*l. What is the greatest common factor of l and u?
4
Suppose 3*s = -12, 0*i + 45 = 3*i - 3*s. Calculate the highest common divisor of 11 and i.
11
Suppose -4*r = 1576 + 576. Let j = r - -271. Let d be j/(-3) + (0 - -1). What is the highest common divisor of 18 and d?
18
Let i = -1 - 2. Let w(f) = 2*f + 10*f**2 + f - 2*f - 3. Let q be w(i). Calculate the highest common factor of 12 and q.
12
Let q = 6 + 2. Let d = q + -5. Suppose 159 = 2*x - 5*v + 5, d*x + 3*v - 231 = 0. What is the greatest common factor of x and 7?
7
Suppose -i - 2*i = 0. Suppose 2*w - 3*w + 31 = i. Let u = w + 11. What is the greatest common divisor of 14 and u?
14
Suppose 3*n - 4 = n. Let y = n - -1. What is the greatest common factor of 21 and y?
3
Let p(i) = i**3 + 9*i**2 + 5*i - 9. Let r(m) = -7*m**2 - 1. Let s be r(-1). Let y be p(s). What is the highest common factor of 15 and y?
15
Let n = -3 - -5. Let p be -5 + 5 - n*-9. Calculate the highest common divisor of p and 9.
9
Suppose 3*c + 4*d - 103 - 178 = 0, d = -5*c + 491. What is the highest common divisor of c and 11?
11
Suppose -4*p - 17 = -49. What is the highest common factor of 8 and p?
8
Let t be (0 - (-3 - -13))*1*-10. Calculate the greatest common divisor of 40 and t.
20
Let s be 40/6 - 3/(-9). Let l be 2/7 + 68/s. Calculate the highest common divisor of l and 30.
10
Suppose -p + 4*p = 27. Suppose -3 = -y + 4*f, -2*y - y + p = -2*f. Suppose -w - y*i = -i - 4, -1 = -i. What is the greatest common divisor of 18 and w?
2
Suppose 0 = 4*p - 4. Suppose p = -2*g + 9. What is the highest common factor of g and 16?
4
Let w(m) = m + 10. Let f be w(-8). Suppose 0 = f*a - 4*a + 12. What is the highest common divisor of 9 and a?
3
Let o = -102 - -120. Calculate the greatest common divisor of 9 and o.
9
Let f(b) = -b**3 - b**2 - 2. Let r be